s 23707583 a prime number?
True
Is 1447759 prime?
True
Is 479484503 a prime number?
True
Is 15748673 prime?
True
Is 43741861 prime?
True
Is 60573613 a composite number?
True
Is 2034041 prime?
True
Is 34781 prime?
True
Is 22948589 a prime number?
False
Is 10117739 a prime number?
False
Is 11410963 a composite number?
True
Is 201547 a prime number?
True
Is 18489623 composite?
False
Is 1131119 a prime number?
False
Is 43530953 prime?
True
Is 2780693 prime?
True
Is 347638987 prime?
False
Is 48800462 prime?
False
Is 23695121 a composite number?
False
Is 942567 a prime number?
False
Is 561907 prime?
True
Is 166739083 prime?
False
Is 28556149 a composite number?
False
Is 13544543 a composite number?
False
Is 19195511 a composite number?
False
Is 561299 prime?
False
Is 3604369 composite?
True
Is 9412807 a prime number?
True
Is 102148207 a composite number?
True
Is 7655831 prime?
False
Is 18685117 a composite number?
True
Is 4547377 a composite number?
False
Is 8085379 a composite number?
False
Is 229524439 composite?
False
Is 9512603 composite?
False
Is 588057773 composite?
False
Is 138919513 a prime number?
True
Is 11230111 composite?
False
Is 257169169 composite?
False
Is 528949 composite?
True
Is 283937 a composite number?
False
Is 8442089 a composite number?
False
Is 535626257 prime?
True
Is 187003 composite?
False
Is 1209911 a prime number?
False
Is 163941 a composite number?
True
Is 7246355 composite?
True
Is 81374771 composite?
False
Is 24052891 a composite number?
False
Is 1255963 a composite number?
False
Is 6017861 a prime number?
False
Is 1409449 a prime number?
False
Is 34178881 composite?
True
Is 1016909 prime?
True
Is 6974309 composite?
True
Is 6157717 composite?
False
Is 227500649 prime?
False
Is 7057231 composite?
True
Is 1781503 composite?
False
Is 47320913 a composite number?
True
Is 5020297 a composite number?
True
Is 357767 composite?
False
Is 18183637 a prime number?
False
Is 4768131 a composite number?
True
Is 16034921 composite?
True
Is 50359 prime?
True
Is 7918439 a prime number?
False
Is 427489297 a composite number?
False
Is 4937189 a composite number?
True
Is 142153721 composite?
False
Is 3632977 a prime number?
False
Is 111194459 prime?
True
Is 56609089 composite?
True
Is 3137803 composite?
False
Is 14698466 a prime number?
False
Is 83409947 composite?
False
Is 25532213 composite?
True
Is 1375446247 a composite number?
True
Is 1104007 composite?
True
Is 170854951 a composite number?
False
Is 7501579 a prime number?
True
Is 132452669 composite?
False
Is 935427529 composite?
False
Is 586450947 a composite number?
True
Is 27194417 prime?
True
Is 4732207 prime?
False
Is 633219 composite?
True
Is 1345767413 a prime number?
False
Is 478216351 composite?
True
Is 4477013 a prime number?
True
Is 690719 composite?
False
Is 256549999 prime?
False
Is 23933467 a composite number?
True
Is 23926147 composite?
True
Is 1693921 a prime number?
True
Is 776626 a composite number?
True
Is 45237173 composite?
True
Is 5586649 composite?
True
Is 47050193 prime?
True
Is 116139481 prime?
False
Is 379970389 a prime number?
False
Is 7937681 a prime number?
True
Is 49687993 prime?
False
Is 31079 a composite number?
False
Is 1359017 a composite number?
True
Is 6124847 a composite number?
False
Is 51035069 composite?
True
Is 35591933 a composite number?
True
Is 1899299 prime?
False
Is 269059178 prime?
False
Is 131952517 composite?
False
Is 4600847 prime?
True
Is 2053177 prime?
False
Is 106859215 a composite number?
True
Is 15470911 a composite number?
False
Is 127357369 prime?
True
Is 275073 composite?
True
Is 8396569 composite?
False
Is 644983471 prime?
False
Is 172592077 a composite number?
True
Is 21246053 a prime number?
True
Is 262023473 a prime number?
True
Is 103929542 composite?
True
Is 35657345 a composite number?
True
Is 201613337 a prime number?
True
Is 323987 a prime number?
True
Is 23041247 prime?
True
Is 48716387 composite?
False
Is 3680233 prime?
False
Is 5351903 a prime number?
False
Is 2380297 composite?
False
Is 1748753 a composite number?
True
Is 2466323 composite?
False
Is 2920961 a composite number?
True
Is 20085841 a prime number?
False
Is 12908261 a composite number?
False
Is 137073023 a composite number?
True
Is 5711271 a prime number?
False
Is 316493 a composite number?
False
Is 95708869 prime?
False
Is 2158997 composite?
True
Is 250567049 a prime number?
True
Is 311503 a prime number?
False
Is 800391 a prime number?
False
Is 969383 prime?
False
Is 13466683 prime?
True
Is 1115899 composite?
False
Is 39659 a composite number?
False
Is 320204099 prime?
False
Is 38940053 a prime number?
True
Is 13668827 prime?
True
Is 104978 a prime number?
False
Is 1349281 a prime number?
True
Is 316834439 composite?
False
Is 19342637 prime?
False
Is 3744815 composite?
True
Is 114394631 composite?
True
Is 157884061 composite?
False
Is 483118 a prime number?
False
Is 36891817 a prime number?
True
Is 42488419 prime?
False
Is 1419673 a composite number?
False
Is 97304665 prime?
False
Is 50021 composite?
False
Is 202413401 prime?
True
Is 4214173 a prime number?
True
Is 8786105 a prime number?
False
Is 4629029 composite?
True
Is 36184459 prime?
False
Is 4010893 composite?
False
Is 60408443 prime?
True
Is 69806405 prime?
False
Is 593654179 a prime number?
True
Is 6913111 a composite number?
False
Is 942341 prime?
True
Is 23471443 composite?
False
Is 113790353 composite?
False
Is 2121089 a prime number?
False
Is 540266459 a composite number?
False
Is 5412058 a prime number?
False
Is 1438643 prime?
True
Is 490981 composite?
True
Is 21322793 a composite number?
False
Is 22488379 prime?
False
Is 126680413 composite?
True
Is 72511253 a prime number?
True
Is 6694801 prime?
False
Is 224267 a prime number?
True
Is 30839062 a prime number?
False
Is 1111211 a prime number?
True
Is 43834727 prime?
False
Is 50287327 a composite number?
False
Is 25331843 a composite number?
False
Is 35743991 prime?
True
Is 452682253 prime?
True
Is 331775107 composite?
False
Is 172528439 composite?
False
Is 2283247 a composite number?
True
Is 1600899 prime?
False
Is 325505567 prime?
True
Is 7424201 composite?
False
Is 6729313 prime?
True
Is 3840854 a prime number?
False
Is 1289461 prime?
False
Is 113681683 prime?
True
Is 930485 a prime number?
False
Is 2648471 composite?
True
Is 6699863 a prime number?
False
Is 1234697 a composite number?
True
Is 3763211 prime?
True
Is 25439 a prime number?
True
Is 66979813 a prime number?
False
Is 22843102 a prime number?
False
Is 2327159 prime?
False
Is 5597759 a prime number?
True
Is 405515549 composite?
True
Is 420383 composite?
False
Is 54146926 prime?
False
Is 103925498 a prime number?
False
Is 1263917 a prime number?
True
Is 12581183 prime?
True
Is 348305 a prime number?
False
Is 15216889 a composite number?
False
Is 82383967 prime?
True
Is 4228559 prime?
True
Is 32002361 a prime number?
False
Is 22584189 a prime number?
False
Is 19873471 prime?
False
Is 1359679 prime?
True
Is 47007281 composite?
False
Is 19386277 a composite number?
False
Is 50674343 a prime number?
True
Is 436777049 composite?
False
Is 3979031 a prime number?
False
Is 6906833 composite?
False
Is 39090853 composite?
False
Is 996551 composite?
False
Is 31837909 prime?
True
Is 12318929 composite?
True
Is 232109 composite?
False
Is 31291991 a prime number?
True
Is 2005007 prime?
False
Is 2887117 prime?
True
Is 510733 a composite number?
True
Is 4842727 composite?
True
Is 11919749 composite?
False
Is 1167256561 a composite number?
False
Is 3319703 a composite number?
False
Is 294917 prime?
False
Is 59910961 prime?
False
Is 39323303 a composite number?
True
Is 77038739 composite?
False
Is 27534215 a composite number?
True
Is 82926143 a prime number?
False
Is 7030223 a composite number?
True
Is 450984613 composite?
True
Is 1992491 prime?
False
Is 58921427 composite?
True
Is 321782453 a prime number?
True
Is 1860811 composite?
True
Is 3610679 a prime number?
True
Is 2469893 a composite number?
False
Is 261602693 prime?
False
Is 2136347 a composite number?
False
Is 14646253 a composite number?
True
Is 638423 a prime number?
True
Is 10493033 composite?
False
Is 130579 composite?
False
Is 1611031 prime?
True
Is 833999 a prime number?
True
Is 3099667 prime?
True
Is 383217059 composi